 of 1020677 and 70?
7
What is the highest common factor of 11040 and 401125980?
1380
Calculate the greatest common factor of 1247496 and 2111256.
1416
Calculate the highest common factor of 116 and 33474758.
58
What is the greatest common factor of 39665430 and 2430?
270
Calculate the greatest common divisor of 7610 and 4570.
10
Calculate the greatest common divisor of 235 and 2543029.
47
Calculate the highest common factor of 99 and 225514938.
33
Calculate the greatest common divisor of 415978 and 782.
46
Calculate the highest common divisor of 8508560 and 240.
80
Calculate the greatest common factor of 51504 and 244884.
12
What is the highest common factor of 282929392 and 8?
8
Calculate the highest common factor of 16268 and 321293.
4067
Calculate the greatest common factor of 1699728 and 1872.
48
What is the highest common divisor of 294130 and 2644975?
2195
Calculate the greatest common factor of 17081541 and 9.
9
What is the greatest common divisor of 41218306 and 10?
2
Calculate the highest common divisor of 261 and 20166687.
261
Calculate the highest common factor of 1164 and 715584.
12
Calculate the highest common factor of 85775 and 883600.
1175
What is the greatest common divisor of 505756 and 12254?
1114
Calculate the highest common factor of 3128 and 2272883.
391
What is the highest common divisor of 59007 and 239343?
663
What is the greatest common divisor of 4085257 and 1826?
11
What is the highest common factor of 10 and 4040758590?
10
Calculate the highest common factor of 315724 and 4352.
68
What is the greatest common divisor of 157636656 and 11940?
2388
What is the greatest common divisor of 370743495 and 938?
67
What is the greatest common factor of 109596 and 5072?
4
What is the greatest common factor of 3326973 and 2691?
897
What is the greatest common factor of 237120 and 46740?
1140
Calculate the highest common factor of 70570 and 3620.
10
Calculate the greatest common factor of 107883 and 261.
9
Calculate the highest common divisor of 2723 and 1164961.
7
What is the highest common factor of 8942 and 30759954?
526
What is the greatest common factor of 22236128 and 1616?
16
What is the greatest common divisor of 27608790 and 3630?
330
What is the highest common divisor of 106 and 3113909?
53
What is the greatest common divisor of 4908103 and 291?
97
Calculate the highest common factor of 1443750 and 22575.
525
Calculate the greatest common factor of 162559 and 640417.
1091
What is the greatest common factor of 12177969 and 1272?
159
Calculate the greatest common divisor of 44764889 and 507.
169
Calculate the highest common divisor of 169472229 and 21717.
7239
Calculate the highest common divisor of 305 and 14391669.
61
Calculate the highest common factor of 3620 and 1292565.
5
Calculate the highest common factor of 5798408 and 462.
154
What is the greatest common divisor of 163668 and 134412?
276
Calculate the greatest common divisor of 460818669 and 15144.
1893
What is the highest common divisor of 47766955 and 1975?
395
What is the highest common factor of 40290 and 50530770?
2370
Calculate the highest common divisor of 2030482 and 262448.
698
What is the highest common factor of 313 and 4471435681?
313
What is the highest common divisor of 61 and 1051012127?
61
Calculate the greatest common factor of 178570 and 254570.
10
Calculate the greatest common divisor of 5290228 and 8.
4
Calculate the greatest common factor of 1184970 and 30.
30
What is the highest common divisor of 176 and 252464?
16
What is the highest common factor of 9100 and 6476680?
140
Calculate the greatest common factor of 30652800 and 850.
50
Calculate the greatest common factor of 384453 and 319.
29
Calculate the greatest common divisor of 9071 and 151312.
193
Calculate the highest common divisor of 6520 and 6950483.
163
What is the highest common factor of 23726 and 1776258853?
11863
What is the greatest common divisor of 4525 and 398200?
4525
What is the highest common divisor of 26133390 and 180?
90
What is the greatest common divisor of 16 and 36373400?
8
Calculate the highest common divisor of 245286 and 60.
6
What is the greatest common factor of 8671481 and 49?
49
Calculate the greatest common divisor of 244934 and 28860394.
5974
Calculate the greatest common factor of 38 and 20242942.
38
What is the greatest common factor of 772039 and 90497?
433
Calculate the highest common factor of 74446652 and 4592.
1148
What is the greatest common divisor of 94403114 and 921?
307
What is the highest common factor of 2046156 and 12306?
42
Calculate the greatest common factor of 2784820 and 180.
20
Calculate the highest common divisor of 1618352 and 70192.
656
Calculate the greatest common factor of 3608 and 893541.
11
What is the greatest common factor of 3423 and 119452431?
3423
What is the highest common factor of 9721578 and 36252?
6042
Calculate the greatest common divisor of 158406 and 267342.
102
Calculate the highest common divisor of 124022046 and 15.
3
What is the greatest common divisor of 73550732 and 1884?
628
What is the greatest common divisor of 50 and 83466825?
25
Calculate the highest common factor of 1910 and 44363570.
1910
Calculate the highest common divisor of 80275734 and 9.
9
Calculate the highest common divisor of 6226484 and 55.
11
Calculate the highest common divisor of 1666 and 12057794.
238
Calculate the highest common divisor of 2 and 252359.
1
Calculate the greatest common factor of 31 and 1844779.
31
Calculate the greatest common divisor of 286566286 and 27190.
5438
What is the greatest common divisor of 20621312 and 30720?
2048
Calculate the highest common factor of 2547472 and 5424.
1808
What is the highest common factor of 7504 and 21140?
28
What is the highest common divisor of 32 and 18984064?
32
Calculate the highest common divisor of 516 and 75207129.
129
Calculate the greatest common factor of 773355 and 13860.
165
What is the highest common factor of 126831 and 4436673?
201
Calculate the highest common divisor of 7260154 and 66.
22
What is the highest common divisor of 4581 and 625052?
509
Calculate the greatest common factor of 20086 and 4470712.
166
What is the highest common divisor of 52460528 and 32?
16
Calculate the highest common divisor of 1448134 and 8804.
62
Calculate the highest common factor of 856574 and 99802.
718
What is the greatest common factor of 504 and 1525777848?
504
Calculate the highest common factor of 12702 and 786.
6
What is the highest common divisor of 3015135 and 207?
9
What is the greatest common divisor of 945448399 and 359?
359
What is the greatest common divisor of 61741983 and 1934?
967
Calculate the greatest common factor of 7075774 and 102.
34
Calculate the greatest common factor of 113636 and 2956.
4
What is the greatest common divisor of 400 and 8316320?
80
What is the highest common divisor of 8933901 and 4371?
141
What is the highest common factor of 9225214 and 787?
787
What is the greatest common divisor of 1017786780 and 645?
645
Calculate the greatest common factor of 3036 and 3825228.
132
What is the highest common factor of 2382 and 68704026?
2382
Calculate the highest common divisor of 290858 and 18.
2
Calculate the greatest common factor of 2796 and 28310432.
932
Calculate the greatest common factor of 1735 and 34111835.
1735
Calculate the highest common divisor of 178778925 and 26325.
2925
Calculate the highest common divisor of 8295294 and 30.
6
What is the greatest common divisor of 1 and 43882691?
1
What is the highest common factor of 2476 and 12092?
4
Calculate the greatest common factor of 2863388 and 392.
4
Calculate the highest common factor of 123015 and 241605.
885
Calculate the highest common factor of 202551580 and 1155.
385
What is the greatest common factor of 3 and 77612547?
3
Calculate the highest common divisor of 3499952 and 29.
29
What is the greatest common divisor of 750 and 250895625?
375
Calculate the highest common factor of 30716 and 3604076.
28
Calculate the highest common divisor of 1791244 and 42328.
1924
Calculate the greatest common factor of 69806 and 11476.
38
What is the highest common divisor of 42305782 and 68498?
2362
What is the highest common divisor of 21 and 438777689?
7
What is the greatest common factor of 78 and 73663